 -2202. What is the units digit of j?
1
Let a = -9 + 6. Let f be a - 3*(-29 - 4). Suppose 0 = -o + b + f, 4*b = o + 2*b - 93. What is the units digit of o?
9
Let s = 167 - 172. Let u(b) = -86*b - 55. What is the hundreds digit of u(s)?
3
What is the units digit of 18 + (-17)/((-255)/7740)?
4
Let z be 20 - 0/1 - -4. Suppose -6*v = -9*v + z. Suppose v = 4*h, -2*x = -x + 4*h - 37. What is the tens digit of x?
2
Let l be 25 + (-3)/(-12)*4. Let t = l - 23. Let a = 39 + t. What is the tens digit of a?
4
Suppose -20 = 4*w - 5*b + 66, 0 = -w + b - 22. What is the hundreds digit of (2748/(-16))/(w/32)?
2
Let z(m) = -30*m. Let s be z(-2). Let d = 34 - s. Let l = d + 47. What is the tens digit of l?
2
Let n be 10/4*(-4)/(-5). Suppose 0 = 2*i + 2*x - 4*x + 22, -4*i + 5*x = 47. What is the units digit of ((-244)/16 - n)/(3/i)?
6
Let f(p) = 102*p + 10. Suppose -5 = 7*u - 8*u. Suppose 7*s + 22 = 2*k + 2*s, 13 = u*k - 2*s. What is the tens digit of f(k)?
1
Suppose 0 = -2*i + 6*i - 1312. Suppose i = -14*v + 15*v. Suppose 2*c = 5*f + 5*c - v, -3*c = -5*f + 322. What is the tens digit of f?
6
Let j = -2209 - -2623. What is the hundreds digit of j?
4
Let b(p) = 1272*p - 1697. What is the ten thousands digit of b(11)?
1
Let a(s) = 4*s**2 + 4*s + 23. Let l be a(-5). Suppose 106*g - 24 = l*g. What is the units digit of g?
8
Let n be 9/1 - (-216)/(-27). Suppose u - 29 = -10. Let p = u - n. What is the units digit of p?
8
Let j be (0*5/(-25))/2. Suppose -10*c + 3*c + 35 = j. Suppose 2*r = c*a + 59, -2*r + a + 62 = -a. What is the units digit of r?
2
Let y(g) = g - 11. Let m be y(11). Suppose m*i - i = 180. Let o = -71 - i. What is the tens digit of o?
0
Suppose -1846 = -4*b + g, b + 4*g - 489 = -19. Let h = -110 + b. What is the units digit of h?
2
Let r = 213 - 83. Let g = r + -27. What is the tens digit of g?
0
Let p be (-19)/361 - 384/(-76). Suppose 4 = u + 2, 3*q - p*u = 215. What is the units digit of q?
5
Suppose -2*m - 47584 = -5*z + 8625, 3*z = 3*m + 33729. What is the hundreds digit of z?
2
Suppose 0 = -3*q - 26 + 368. Suppose 4*b = 842 - q. Let r = b + -94. What is the units digit of r?
8
Let n = -5169 - -7897. Suppose 3*b + n = -5*z + 813, 5*b = -3*z - 1133. Let g = -143 - z. What is the units digit of g?
3
Suppose -2*x + 4161 = 5*d, x = -141*d + 142*d + 2098. What is the units digit of x?
3
Let z be 8 - (-7 + (-60)/(-5)). Suppose -2*j = 4*x - 1194, -j + 2362 = z*j - 5*x. What is the hundreds digit of j?
5
Suppose -3 = -g - a, 5*g + 21 = 2*a + 2*a. What is the hundreds digit of (2 + 427)*(3 - g)/4?
4
Let d(r) = 5*r + 96. Let a(c) = -12*c - 193. Let y(o) = 3*a(o) + 7*d(o). What is the units digit of y(16)?
7
What is the hundreds digit of (2397/(-68) + 2)*(2 - 1638)?
3
Suppose 39*r = 47*r - 48. What is the hundreds digit of ((-198)/r - 8)*-11?
4
Suppose f - 65*b = -61*b + 14070, b - 56229 = -4*f. What is the hundreds digit of f?
0
Let c be 6/(-57) + 80/38. What is the units digit of 0 + c - (-18 + -62)?
2
Let t = -29 + 25. Let v(b) = b**2 - 1. Let a(o) = 75*o**2 - 5. Let l(d) = t*v(d) + a(d). What is the units digit of l(-1)?
0
Let p be 0 + (14414/1)/1 - 2. Suppose 4*u = -8*u + p. What is the units digit of u?
1
Let t(v) = 2*v**2 - 4*v - 29. Let g be t(8). Suppose 26 = -2*q - p - p, 0 = p. Let n = q + g. What is the units digit of n?
4
Suppose -2*p - 66 = -2*o, 4*o + 2*p = 65 + 37. Let v(m) = m**2 + 9*m - 77. What is the hundreds digit of v(o)?
9
Let s = 157 + -121. Let c = s - -43. What is the tens digit of c?
7
Let j(g) = 35*g**2 + g - 10. Let k(h) = -33*h**2 - 2*h + 8. Let l(i) = -4*j(i) - 5*k(i). What is the units digit of l(-5)?
5
Suppose 6*w - v = 9*w - 5, -w + 4*v + 19 = 0. Suppose -w*x + 814 = -2195. What is the tens digit of x?
0
What is the units digit of (-1550920)/(-104) + 8/26?
3
Suppose -28*j + 23075 + 107013 = 0. What is the thousands digit of j?
4
Let r be (-1)/(-3 - 44/(-15)). Suppose 2*x + r*x = 21403. What is the units digit of x?
9
Suppose 239822 = 5*l + 3*q, 4*l - 144004 = -4*q + 47844. What is the ten thousands digit of l?
4
Let q(o) = o**3 + 49*o**2 - 217*o - 41. What is the hundreds digit of q(-51)?
8
Suppose 25545 - 14070 + 44230 = 5*p. What is the ten thousands digit of p?
1
Suppose 32 = 4*z + 52, 4*z + 58734 = 2*b. What is the units digit of b?
7
Suppose 5*v - 8*a - 17 = -5*a, 1 = -v + 5*a. Suppose -2425 = -m - v*m. What is the tens digit of m?
8
Let q(p) = -5*p**2 + 34*p + 38. Let u(b) = 2*b**2 - 2*b. Let y(t) = q(t) + 2*u(t). What is the tens digit of y(23)?
9
Let p(g) = 613*g + 12131. What is the thousands digit of p(9)?
7
Let r(s) = 557*s**2 + 29*s + 70. What is the hundreds digit of r(6)?
2
Suppose 0 = 4*b + 4*o - 63624, b = 25*o - 24*o + 15916. What is the tens digit of b?
1
Suppose -10*n = -2337 + 527. What is the hundreds digit of (2 + 1 - 4 - 0) + n?
1
Let s(f) = -1483*f**2 - 8*f + 9. Let i be s(1). What is the hundreds digit of (i/95)/((-2)/55)?
4
Let j(z) = -z**2 - 7*z - 3. Let n(f) = f**3 - 12*f**2 + f - 18. Let t be n(12). Let h be j(t). What is the units digit of h*3/2*(-44)/(-3)?
6
Suppose 25*k = 26*k - 9. Let z be 3/k + (-1122)/(-9). Suppose -z = 91*q - 96*q. What is the units digit of q?
5
Suppose 2*v - 243 + 75 = 2*a, -v - a = -86. Let h = 986 - v. What is the units digit of h?
1
Suppose -4*u + 6*u = 4, -3*b + 2*u = -3470. Suppose 122*c = 125*c - b. What is the tens digit of c?
8
Let f = -826 - -351. Let q = f - -504. What is the units digit of q?
9
Let n(d) = 59*d - 417. Let p be n(13). Let h = p - -1189. What is the thousands digit of h?
1
Let x = 40841 - -6393. What is the ten thousands digit of x?
4
Let g be (-36)/(7 - 16) + 1896. Suppose 5*s - g = 660. What is the hundreds digit of s?
5
Let z = 0 - -6. Suppose -2*a = -z*a + 20. Suppose -3*n = 2*h - 126, -5*n = -a*h - 9 + 374. What is the units digit of h?
9
Suppose -458*f + 449*f + 2124 = 0. Let s = f + -174. What is the units digit of s?
2
Let w be (-1)/(-4) - (-7)/(112/300). Suppose -n + w = -d + 72, -5*n = 2*d - 120. Suppose -t - 2*g + 105 = -d, 3*t = 4*g + 490. What is the tens digit of t?
6
Let n be (-1)/(-4 - -3)*22. Let s(j) = j**3 - j**2 - j + 3. Let o be s(-2). What is the hundreds digit of 4/n + (-1901)/(-11) + o?
1
Let j(l) = -l**3 + 59*l**2 - 8*l - 680. What is the tens digit of j(52)?
3
Let q = -16747 - -28236. What is the ten thousands digit of q?
1
Let l = -120 + 129. Let z be ((-4)/(-6))/((-16)/(-56808)*l). Suppose -f = -0*f - z. What is the hundreds digit of f?
2
What is the thousands digit of 8/24*10954*3/2?
5
Let m(q) = q**3 - 7*q**2 + 4*q + 21. Let o be m(6). Suppose -o*r - 574 = 623. Let u = -32 - r. What is the units digit of u?
1
Let v = -9 - -18. Let f = -5 + v. Suppose 5*n + 3*p - 290 = 0, 6*p = -f*n + p + 219. What is the tens digit of n?
6
Suppose -11*f = 3*f - 42028. Let g = -1815 + f. What is the hundreds digit of g?
1
Let k(h) = h**3 + 13*h**2 - 17*h - 6. Let o be k(-14). Let c = 53 - o. Suppose 0 = 2*g - 4*s - 84, -2*g + c = 2*s - 79. What is the tens digit of g?
4
Let a(r) = 2*r**2 + r - 8. Let v be a(-8). Let f be ((-1536)/v)/((-1)/14). Suppose 2*u - f = -10*u. What is the tens digit of u?
1
Let n(k) = -k + 11. Let w(u) = 4*u**2 - 17*u - 4. Let g be w(5). Let p be n(g). Suppose 0 = -3*h + 3*x + 9, 0 = 2*x - p*x + 2. What is the units digit of h?
2
Suppose 60 = m - 7*m. Let l = m + 15. Suppose -3*w - 271 = -l*b, 5*b + 134 - 407 = 4*w. What is the units digit of b?
3
Let b(h) = -3*h**2 - 113*h - 180. Let f(a) = -2*a**2 - 75*a - 119. Let s(m) = 5*b(m) - 8*f(m). What is the thousands digit of s(20)?
1
Let r = 156 - -196. Suppose 0 = -2*k + 2831 - 2821. Suppose 0 = 4*j - k*j + 4, r = 4*g + 5*j. What is the tens digit of g?
8
Suppose -216*y - 337304 = -238*y. What is the units digit of y?
2
Let k(f) = -4 + 1 - 4 + 5*f - 1. Suppose -2*a - 804 = -836. What is the tens digit of k(a)?
7
Let g(p) = -p**2 - 14*p + 62. Let j be g(-17). Suppose -w - 4*o = -313, -j*o - 295 = -w - 9*o. What is the units digit of w?
1
What is the units digit of (-16)/6 + -13 + (-62085)/(-45)?
4
Suppose -4*m + 7*m = -15. What is the tens digit of (-2076)/m + (-19)/95?
1
Let d(c) = 476*c**2 - 91*c + 1094. What is the hundreds digit of d(10)?
7
Let z(s) be the second derivative of 0 + 9/2*s**2 - 5/6*s**3 - 10*s + 5/6*s**4 - 1/20*s**5. What is the tens digit o